tens digit of u?
4
Let y = 9 - 0. Suppose -3*k = 0, -3*q + y = -6*q - k. What is the tens digit of 42 + (-3)/(q + 6)?
4
What is the tens digit of 974 - ((-3)/3 - (-9 + 8))?
7
Suppose 0 = -4*r + y + 3808, -4*r - 4*y + 9*y + 3792 = 0. What is the units digit of r?
3
Suppose -4*p = -3*z - 500, 260 = -5*p + 5*z + 885. Let s = p + 19. What is the units digit of (1/2)/(9/s)?
8
Suppose o = -3*v - 4, 0*v - 4 = v. Suppose l - o = -3. What is the units digit of l?
5
Let t be 0/(-6)*2/4. Let j = -18 - -30. What is the units digit of j/(5 + -1) - t?
3
Suppose 4*s - 12 = 0, 14*z + 4*s = 17*z - 3777. What is the thousands digit of z?
1
Let g(b) = 6*b**2 - b - 2*b + 4*b + 3 + 1. What is the units digit of g(-3)?
5
Suppose 4*d = c + 13, -3*c + 2*d = 12 + 7. Let s(t) = 2*t**3 + 3*t**2 + 4*t + 3*t**2 - t**3 + 6 + 1. What is the units digit of s(c)?
2
What is the units digit of (-3*5)/((-250)/600)?
6
Let h = 2 - 0. Suppose 5 = n - 3*w + h, -3*n - 4*w + 9 = 0. Suppose n*i - 15 = 2*i. What is the units digit of i?
5
Let f(h) = 89*h**2 + h - 3. What is the tens digit of f(1)?
8
Let h(t) = -996*t - 53. What is the thousands digit of h(-2)?
1
Suppose 2*q - q = 2. Suppose -q*b - 3*a + 230 = -a, -2*b + 230 = a. Suppose 0 = 3*w - f - b, w + 5*f - 45 = -12. What is the tens digit of w?
3
Suppose 0 = -14*b + 41743 - 1577. What is the tens digit of b?
6
Let z(y) = y - 1. Let f be z(1). Suppose 3*t + 0*t = -3*a + 66, t + 3*a - 30 = f. What is the units digit of t?
8
Suppose 5*j - 3397 = -2*c, -5*j + 3*c + 2975 + 442 = 0. What is the hundreds digit of j?
6
Suppose 11*d = d + 320. What is the units digit of d?
2
Let h(w) be the second derivative of 19*w**3/3 + 4*w. Let c(q) = 19*q. Let f(i) = -5*c(i) + 2*h(i). What is the units digit of f(-1)?
9
Let a(o) = -4*o - 11. Let b be a(-5). Suppose 404 = b*s - 5*s. What is the tens digit of s?
0
Let m = 30 - 30. Suppose m = 4*n - 87 + 23. What is the units digit of n?
6
Suppose 2*m = -3*k + 12824, 2*k - 5785 = -3*m + 13451. What is the tens digit of m?
1
Suppose 3*l = -6 + 3. Let b(n) = -83*n**3 + 2*n**2 - 2. What is the units digit of b(l)?
3
Let j(u) be the second derivative of u**3/6 + 12*u**2 - u - 14. Suppose c + 3 = -3. What is the tens digit of j(c)?
1
Suppose -11047 - 5816 = -21*k. What is the hundreds digit of k?
8
Suppose -2*p + 10 = -5*g, p + g + 1 = 6. Suppose -3*o + 670 = -4*u, p*u = o + 117 - 333. What is the hundreds digit of o?
2
Let p(v) = v**2 + 14*v + 2. Let t be p(-14). Suppose -113 - 27 = -t*h. What is the tens digit of h?
7
Suppose a = -a + 48. Suppose -4*f + 3*i - 3 = -a, 5*f + 4*i = 3. Suppose b = f*n + 13, 5*n = b - 8 + 1. What is the tens digit of b?
2
Suppose -4 - 41 = -5*c. Let l be 3/9 - 3/c. Suppose 3*m + 5*v = -0*m - 22, 5*v + 25 = l. What is the units digit of m?
1
Let o(b) = 15 + 3*b + 4*b**2 - 3*b**2 + 4*b. Let j be ((-6)/(-7))/((-17)/119). What is the units digit of o(j)?
9
Suppose 4*b = -5*l + b - 1382, -l - 274 = 3*b. Let y = l + 395. What is the units digit of y?
8
What is the hundreds digit of -10*28/490 - (-39922)/14?
8
Let k(a) be the first derivative of -3*a - 7/3*a**3 - 7/2*a**2 - 1/4*a**4 - 7. What is the units digit of k(-6)?
3
Let c = 30 + -29. Let b(o) = 4*o - c - 21*o + 0 - 8. What is the units digit of b(-4)?
9
Let c = -2491 + 7923. What is the hundreds digit of c?
4
Let u = 596 + -563. Suppose 0 = -0*y + 2*y + 5*o - 57, -3*o + 107 = 4*y. Let r = u - y. What is the units digit of r?
7
What is the hundreds digit of (-1 + -44)*25281/(-265)?
2
Let n = 1125 - -1291. What is the units digit of n?
6
Let v(n) = 35*n + 8. Let z be v(5). Suppose o = 9*a - 5*a - 249, 3*a - z = 2*o. What is the tens digit of a?
6
Suppose -16940 - 4990 = -15*i. What is the tens digit of i?
6
Suppose 0 = -2*y + 2 + 4. Suppose h + y*s + 2*s = 30, -4*s - 12 = 0. What is the units digit of h?
5
Let k(a) = -3*a**3 + 6 + a + 2*a**3 - 10. Let g be k(3). Let p = g + 53. What is the units digit of p?
5
Let b = -20 - -90. What is the units digit of ((-28)/b)/(1/(-15))?
6
Let y be 2/1 + (2 - -248*1). Suppose 736 - y = 4*v. What is the hundreds digit of v?
1
Suppose -7*l = -5*l - 4. Suppose -b + l*b + 17 = 0. Let u = 1 - b. What is the tens digit of u?
1
Let c be 36/16*(-12)/(-9). Let t(k) = k**2 - k - 2. What is the units digit of t(c)?
4
Let b(q) = 6*q**3 - q**2 - 2*q + 3. Let p = -40 - -42. What is the units digit of b(p)?
3
What is the hundreds digit of 36/45*1835 + 3?
4
Let n = 21 + -7. What is the tens digit of (-211)/(-3) - n/(-21)?
7
Suppose 2*z - 6 = -2*h, -2*z - 1 = 4*h - 13. What is the units digit of -5*26/(1/(h/(-6)))?
5
Let u be (-6)/(-4)*(-24)/(-9). Suppose o - 1 = u. Suppose 0 = -5*t - o*z - 6 + 306, -4*t + 3*z = -205. What is the units digit of t?
5
Let r(b) = 5*b + 80. Let p = 52 + -52. What is the units digit of r(p)?
0
Suppose 60192 = 38*v - 5*v. What is the units digit of v?
4
Let l(o) = -o + 4. Let u be l(0). Suppose 113 = u*q - 107. What is the units digit of q?
5
Suppose 8*g - 1126 = -94. What is the hundreds digit of g?
1
Suppose -45 = 2*j - 3*j. Let l be j/(-6)*12/(-10). Let n = -1 + l. What is the units digit of n?
8
Let n be 25/(-4) - (-5)/20. What is the hundreds digit of 1560/((-36)/n) - 1*-3?
2
Let s(t) = -t**3 + 7*t**2 + 4*t + 3. Suppose -9*v = -25 - 29. What is the tens digit of s(v)?
6
Let t = -37 - -70. Suppose -y - 4 + t = 0. Let w = 27 + y. What is the units digit of w?
6
Let c(h) = -h + 1. Let v be c(-6). Suppose 101 = -6*j + v*j. What is the units digit of j?
1
Suppose x + 15 = 6*x. Let y be ((-10)/(-3))/(2/x). Suppose 0 = -y*o + 25 + 120. What is the units digit of o?
9
Suppose -276 = -54*a + 30774. What is the units digit of a?
5
Suppose -2*q + 295 = y, -4*q - 6 = -6*q. What is the units digit of y?
9
Let s(k) be the first derivative of k**4/24 + 11*k**3/6 + 3*k**2 - 11. Let n(x) be the second derivative of s(x). What is the tens digit of n(20)?
3
Let d be 12*((-42)/(-9) - 3). Let u(y) = -y**2 + 30*y - 30. What is the tens digit of u(d)?
7
Suppose 0 = -2*t + 6*t - 16. Suppose n + t*n = -70. Let g = 23 + n. What is the units digit of g?
9
Let l = -4302 - -6848. What is the tens digit of l?
4
What is the hundreds digit of 925/(-37)*(2 + -33)?
7
Suppose 0 = -4*n + n + 27. Suppose -1 = -5*p + n. What is the units digit of (-4)/8*-28 - p?
2
Let t(w) = w**3 - 5*w**2 + 11*w - 21. Let o be t(4). Let v(j) = j**2 + 5*j - 4. What is the units digit of v(o)?
0
Let l(d) = -d**3 + 2*d**2 + 9*d. Let g be l(4). What is the hundreds digit of 521/5 + g/(-20)?
1
Let f(v) = v**3 + 11*v**2 + 2*v + 13. Let i be f(-9). Suppose 4*h - i = 3*m - 2*m, -4*h + 152 = 4*m. Let p = -17 + h. What is the units digit of p?
2
Let a = -5 - -8. Let s(j) = -4*j + 54*j**2 - 54*j**2 - 1 + a*j - 58*j**3. What is the tens digit of s(-1)?
5
Let r(n) be the first derivative of n**4/4 + 4*n**3/3 - n**2 - 2*n - 6. What is the tens digit of r(2)?
1
Suppose 3*p - 4*p = -158. Suppose p + 90 = 4*t. What is the tens digit of t?
6
Let m(h) = 4*h**2 + 14*h - 11*h - 3*h**2 - 13. What is the units digit of m(-6)?
5
Let g(h) = -h + 134. Let c(p) = -p + 133. Let b(d) = -5*c(d) + 6*g(d). What is the units digit of b(0)?
9
Let t(p) = p - 4. Let r be t(9). Let o = -2 + r. Suppose 4*f = 5*k + 26, f = -o*f - 2*k + 12. What is the units digit of f?
4
Let z = 83 - 40. Suppose 0 = -x + 5*b + 20, 5*x - z = 4*b + 99. What is the tens digit of 0/1 - (2 - x)?
2
Let n(j) = -6*j**2 + j - 61*j**3 + 7*j**2 + 0*j**2. Suppose -5*l = -4*f - 4 + 1, -2*l + 8 = -5*f. What is the tens digit of n(l)?
6
Let u = 0 - -4. Suppose u = 4*o - 8. Suppose -o*r = -6 - 54. What is the tens digit of r?
2
Let x = 5 + -13. Suppose -8 = -2*a + 4*k, -3*k = -0*a + 4*a - 71. Let z = x + a. What is the units digit of z?
6
Let w(k) = k**2 + 17*k - 7. What is the hundreds digit of w(22)?
8
What is the tens digit of 10460/6 + 456/(-342)?
4
Let u be 1/2 + (-33)/24*-4. Suppose -12*y + u*y + 540 = 0. What is the units digit of y?
0
Let v be 6/(-9) + 51/9. Suppose -3*h + 2*h = 2*b - 58, 5*h = v*b + 245. What is the units digit of h?
2
Suppose 5 = 5*a, -111*a + 6193 = 5*c - 113*a. What is the units digit of c?
9
Let v(p) = -p**3 + 16*p**2 + 25*p - 35. What is the tens digit of v(12)?
4
Let w = -292 + 501. What is the tens digit of w?
0
Suppose -5*u = -0*u - 20. Suppose -8 - u = -4*t. Sup